{"id":829,"date":"2026-02-03T19:49:57","date_gmt":"2026-02-03T18:49:57","guid":{"rendered":"http:\/\/alumno09.shopenlaces.com.es\/alumno09wp\/?page_id=829"},"modified":"2026-02-04T00:02:21","modified_gmt":"2026-02-03T23:02:21","slug":"patatas-fritas","status":"publish","type":"page","link":"http:\/\/alumno09.shopenlaces.com.es\/alumno09wp\/?page_id=829","title":{"rendered":"Patatas fritas"},"content":{"rendered":"\n<div class=\"wp-block-stackable-columns stk-block-columns stk-block stk-e901082 stk-block-background\" data-block-id=\"e901082\"><style>.stk-e901082 {background-color:var(--theme-palette-color-4, #1A1E21) !important;}.stk-e901082:before{background-color:var(--theme-palette-color-4, #1A1E21) !important;}<\/style><div class=\"stk-row stk-inner-blocks stk-block-content stk-content-align stk-e901082-column\">\n<div class=\"wp-block-stackable-column stk-block-column stk-column stk-block stk-a80945d\" data-v=\"4\" data-block-id=\"a80945d\"><div class=\"stk-column-wrapper stk-block-column__content stk-container stk-a80945d-container stk--no-background stk--no-padding\"><div class=\"stk-block-content stk-inner-blocks stk-a80945d-inner-blocks\">\n<p><\/p>\n\n\n\n<p><\/p>\n\n\n\n<div class=\"wp-block-stackable-text stk-block-text stk-block stk-aa2fcc5\" data-block-id=\"aa2fcc5\"><style>.stk-aa2fcc5 .stk-block-text__text{color:#fffffe !important;}<\/style><p class=\"stk-block-text__text has-text-color\">Las Patatas Fritas son uno de los acompa\u00f1amientos m\u00e1s cl\u00e1sicos y universales. Se elaboran a partir de patatas cortadas en bastones y fritas hasta alcanzar un dorado perfecto, logrando una textura crujiente por fuera y suave por dentro.<\/p><\/div>\n\n\n\n<p class=\"has-palette-color-8-color has-text-color has-link-color wp-elements-02907f0310e80f2429bbe20fb543ae44\">Presentes en pr\u00e1cticamente todas las culturas gastron\u00f3micas, las patatas fritas se han convertido en un imprescindible de la cocina casual y tradicional. Su sencillez y sabor las hacen una opci\u00f3n atemporal y siempre apreciada.<\/p>\n\n\n\n<p class=\"has-palette-color-8-color has-text-color has-link-color wp-elements-ecdedceebcc37f7dc30ac489ffb1f593\">Las patatas fritas destacan por su sabor natural y equilibrado, con un crujiente ligero y un interior tierno. Son el acompa\u00f1amiento perfecto para carnes, hamburguesas, pescados y todo tipo de salsas. Vers\u00e1tiles y f\u00e1ciles de combinar<\/p>\n<\/div><\/div><\/div>\n\n\n\n<div class=\"wp-block-stackable-column stk-block-column stk-column stk-block stk-91a5719\" data-v=\"4\" data-block-id=\"91a5719\"><div class=\"stk-column-wrapper stk-block-column__content stk-container stk-91a5719-container stk--no-background stk--no-padding\"><div class=\"stk-block-content stk-inner-blocks stk-91a5719-inner-blocks\">\n<div class=\"wp-block-stackable-image stk-block-image stk-block stk-d428ec2\" data-block-id=\"d428ec2\"><style>.stk-d428ec2 .stk-img-wrapper{width:100% !important;height:550px !important;}<\/style><figure><span class=\"stk-img-wrapper stk-image--shape-stretch\"><img loading=\"lazy\" decoding=\"async\" class=\"stk-img wp-image-887\" src=\"http:\/\/alumno09.shopenlaces.com.es\/alumno09wp\/wp-content\/uploads\/2026\/02\/french_fries_pexels.2e16d0ba.fill-735x490-1.jpg\" width=\"735\" height=\"490\" srcset=\"http:\/\/alumno09.shopenlaces.com.es\/alumno09wp\/wp-content\/uploads\/2026\/02\/french_fries_pexels.2e16d0ba.fill-735x490-1.jpg 735w, http:\/\/alumno09.shopenlaces.com.es\/alumno09wp\/wp-content\/uploads\/2026\/02\/french_fries_pexels.2e16d0ba.fill-735x490-1-300x200.jpg 300w\" sizes=\"auto, (max-width: 735px) 100vw, 735px\" \/><\/span><\/figure><\/div>\n<\/div><\/div><\/div>\n<\/div><\/div>\n\n\n\n<div class=\"wp-block-stackable-divider stk-block-divider stk-block stk-b20a82e\" data-block-id=\"b20a82e\"><style>.stk-b20a82e hr.stk-block-divider__hr{background:var(--theme-palette-color-4, #1A1E21) !important;}<\/style><hr class=\"stk-block-divider__hr\"\/><\/div>\n\n\n\n<p class=\"has-palette-color-8-color has-palette-color-4-background-color has-text-color has-background has-link-color wp-elements-28b5f2cee39547e0d4e898e369cb84de\">Ingredientes principales: Patatas seleccionadas, Aceite vegetal para fritura y Sal al gusto.<\/p>\n\n\n\n<p><\/p>\n","protected":false},"excerpt":{"rendered":"<p>Las Patatas Fritas son uno de los acompa\u00f1amientos m\u00e1s cl\u00e1sicos y universales. Se elaboran a partir de patatas cortadas en bastones y fritas hasta alcanzar un dorado perfecto, logrando una textura crujiente por fuera y suave por dentro. Presentes en pr\u00e1cticamente todas las culturas gastron\u00f3micas, las patatas fritas se han convertido en un imprescindible de [&hellip;]<\/p>\n","protected":false},"author":1,"featured_media":0,"parent":0,"menu_order":0,"comment_status":"closed","ping_status":"closed","template":"","meta":{"footnotes":""},"class_list":["post-829","page","type-page","status-publish","hentry"],"blocksy_meta":[],"_links":{"self":[{"href":"http:\/\/alumno09.shopenlaces.com.es\/alumno09wp\/index.php?rest_route=\/wp\/v2\/pages\/829","targetHints":{"allow":["GET"]}}],"collection":[{"href":"http:\/\/alumno09.shopenlaces.com.es\/alumno09wp\/index.php?rest_route=\/wp\/v2\/pages"}],"about":[{"href":"http:\/\/alumno09.shopenlaces.com.es\/alumno09wp\/index.php?rest_route=\/wp\/v2\/types\/page"}],"author":[{"embeddable":true,"href":"http:\/\/alumno09.shopenlaces.com.es\/alumno09wp\/index.php?rest_route=\/wp\/v2\/users\/1"}],"replies":[{"embeddable":true,"href":"http:\/\/alumno09.shopenlaces.com.es\/alumno09wp\/index.php?rest_route=%2Fwp%2Fv2%2Fcomments&post=829"}],"version-history":[{"count":5,"href":"http:\/\/alumno09.shopenlaces.com.es\/alumno09wp\/index.php?rest_route=\/wp\/v2\/pages\/829\/revisions"}],"predecessor-version":[{"id":891,"href":"http:\/\/alumno09.shopenlaces.com.es\/alumno09wp\/index.php?rest_route=\/wp\/v2\/pages\/829\/revisions\/891"}],"wp:attachment":[{"href":"http:\/\/alumno09.shopenlaces.com.es\/alumno09wp\/index.php?rest_route=%2Fwp%2Fv2%2Fmedia&parent=829"}],"curies":[{"name":"wp","href":"https:\/\/api.w.org\/{rel}","templated":true}]}}