{"id":843,"date":"2026-02-03T19:55:56","date_gmt":"2026-02-03T18:55:56","guid":{"rendered":"http:\/\/alumno09.shopenlaces.com.es\/alumno09wp\/?page_id=843"},"modified":"2026-02-03T23:17:06","modified_gmt":"2026-02-03T22:17:06","slug":"malta-guinness","status":"publish","type":"page","link":"http:\/\/alumno09.shopenlaces.com.es\/alumno09wp\/?page_id=843","title":{"rendered":"Malta Guinness"},"content":{"rendered":"\n<div class=\"wp-block-stackable-columns stk-block-columns stk-block stk-c1e566f stk-block-background\" data-block-id=\"c1e566f\"><style>.stk-c1e566f {background-color:#1a1e21 !important;}.stk-c1e566f:before{background-color:#1a1e21 !important;}<\/style><div class=\"stk-row stk-inner-blocks stk-block-content stk-content-align stk-c1e566f-column\">\n<div class=\"wp-block-stackable-column stk-block-column stk-column stk-block stk-5a21e13\" data-v=\"4\" data-block-id=\"5a21e13\"><div class=\"stk-column-wrapper stk-block-column__content stk-container stk-5a21e13-container stk--no-background stk--no-padding\"><div class=\"stk-block-content stk-inner-blocks stk-5a21e13-inner-blocks\">\n<p><\/p>\n\n\n\n<p><\/p>\n\n\n\n<div class=\"wp-block-stackable-text stk-block-text stk-block stk-4377d9b\" data-block-id=\"4377d9b\"><style>.stk-4377d9b .stk-block-text__text{color:#fffffe !important;}<\/style><p class=\"stk-block-text__text has-text-color\">Malta Guinness es una bebida sin alcohol, elaborada a partir de cebada malteada, producida por la marca Guinness. Es muy popular en \u00c1frica, el Caribe y Am\u00e9rica Latina, donde se consume como una bebida nutritiva y energ\u00e9tica. <\/p><\/div>\n\n\n\n<p class=\"has-palette-color-8-color has-text-color has-link-color wp-elements-35c13f5966db606765e56798210c9776\">Naci\u00f3 como una alternativa sin alcohol inspirada en el proceso de elaboraci\u00f3n de la cerveza. Con el tiempo, se convirti\u00f3 en una bebida ic\u00f3nica, especialmente asociada a momentos de energ\u00eda, fortaleza y celebraci\u00f3n. Es com\u00fan verla en reuniones familiares, eventos deportivos y celebraciones especiales. <\/p>\n\n\n\n<p class=\"has-palette-color-8-color has-text-color has-link-color wp-elements-ce1718c9a91840d5e7244572acae2495\">Tiene un sabor dulce y profundo, con notas a caramelo, caf\u00e9 y malta tostada. Su color oscuro y su espuma cremosa la hacen inconfundible. Se consume fr\u00eda y es conocida por su sensaci\u00f3n energizante y reconfortante.<\/p>\n<\/div><\/div><\/div>\n\n\n\n<div class=\"wp-block-stackable-column stk-block-column stk-column stk-block stk-0b80d58\" data-v=\"4\" data-block-id=\"0b80d58\"><div class=\"stk-column-wrapper stk-block-column__content stk-container stk-0b80d58-container stk--no-background stk--no-padding\"><div class=\"stk-block-content stk-inner-blocks stk-0b80d58-inner-blocks\">\n<div class=\"wp-block-stackable-image stk-block-image stk-block stk-b168436\" data-block-id=\"b168436\"><style>.stk-b168436 .stk-img-wrapper{width:482px !important;height:600px !important;}<\/style><figure><span class=\"stk-img-wrapper stk-image--shape-stretch\"><img loading=\"lazy\" decoding=\"async\" class=\"stk-img wp-image-865\" src=\"http:\/\/alumno09.shopenlaces.com.es\/alumno09wp\/wp-content\/uploads\/2026\/02\/IMG_2347.webp\" width=\"1170\" height=\"1026\" srcset=\"http:\/\/alumno09.shopenlaces.com.es\/alumno09wp\/wp-content\/uploads\/2026\/02\/IMG_2347.webp 1170w, http:\/\/alumno09.shopenlaces.com.es\/alumno09wp\/wp-content\/uploads\/2026\/02\/IMG_2347-300x263.webp 300w, http:\/\/alumno09.shopenlaces.com.es\/alumno09wp\/wp-content\/uploads\/2026\/02\/IMG_2347-1024x898.webp 1024w, http:\/\/alumno09.shopenlaces.com.es\/alumno09wp\/wp-content\/uploads\/2026\/02\/IMG_2347-768x673.webp 768w\" sizes=\"auto, (max-width: 1170px) 100vw, 1170px\" \/><\/span><\/figure><\/div>\n<\/div><\/div><\/div>\n<\/div><\/div>\n\n\n\n<div class=\"wp-block-stackable-divider stk-block-divider stk-block stk-d6a875e\" data-block-id=\"d6a875e\"><style>.stk-d6a875e hr.stk-block-divider__hr{background:#1a1e21 !important;}<\/style><hr class=\"stk-block-divider__hr\"\/><\/div>\n\n\n\n<p class=\"has-palette-color-8-color has-palette-color-4-background-color has-text-color has-background has-link-color wp-elements-b49d7d2ef36fb54b571ca17e24c20166\">Ingredientes principales: Cebada malteada, Agua, L\u00fapulo, Az\u00facares naturales derivados de la malta, Vitaminas del complejo B<\/p>\n\n\n\n<p><\/p>\n","protected":false},"excerpt":{"rendered":"<p>Malta Guinness es una bebida sin alcohol, elaborada a partir de cebada malteada, producida por la marca Guinness. Es muy popular en \u00c1frica, el Caribe y Am\u00e9rica Latina, donde se consume como una bebida nutritiva y energ\u00e9tica. Naci\u00f3 como una alternativa sin alcohol inspirada en el proceso de elaboraci\u00f3n de la cerveza. Con el tiempo, [&hellip;]<\/p>\n","protected":false},"author":1,"featured_media":0,"parent":0,"menu_order":0,"comment_status":"closed","ping_status":"closed","template":"","meta":{"footnotes":""},"class_list":["post-843","page","type-page","status-publish","hentry"],"blocksy_meta":[],"_links":{"self":[{"href":"http:\/\/alumno09.shopenlaces.com.es\/alumno09wp\/index.php?rest_route=\/wp\/v2\/pages\/843","targetHints":{"allow":["GET"]}}],"collection":[{"href":"http:\/\/alumno09.shopenlaces.com.es\/alumno09wp\/index.php?rest_route=\/wp\/v2\/pages"}],"about":[{"href":"http:\/\/alumno09.shopenlaces.com.es\/alumno09wp\/index.php?rest_route=\/wp\/v2\/types\/page"}],"author":[{"embeddable":true,"href":"http:\/\/alumno09.shopenlaces.com.es\/alumno09wp\/index.php?rest_route=\/wp\/v2\/users\/1"}],"replies":[{"embeddable":true,"href":"http:\/\/alumno09.shopenlaces.com.es\/alumno09wp\/index.php?rest_route=%2Fwp%2Fv2%2Fcomments&post=843"}],"version-history":[{"count":7,"href":"http:\/\/alumno09.shopenlaces.com.es\/alumno09wp\/index.php?rest_route=\/wp\/v2\/pages\/843\/revisions"}],"predecessor-version":[{"id":870,"href":"http:\/\/alumno09.shopenlaces.com.es\/alumno09wp\/index.php?rest_route=\/wp\/v2\/pages\/843\/revisions\/870"}],"wp:attachment":[{"href":"http:\/\/alumno09.shopenlaces.com.es\/alumno09wp\/index.php?rest_route=%2Fwp%2Fv2%2Fmedia&parent=843"}],"curies":[{"name":"wp","href":"https:\/\/api.w.org\/{rel}","templated":true}]}}