{"id":892,"date":"2026-02-04T00:40:31","date_gmt":"2026-02-03T23:40:31","guid":{"rendered":"http:\/\/alumno09.shopenlaces.com.es\/alumno09wp\/?page_id=892"},"modified":"2026-02-04T00:57:20","modified_gmt":"2026-02-03T23:57:20","slug":"salsas","status":"publish","type":"page","link":"http:\/\/alumno09.shopenlaces.com.es\/alumno09wp\/?page_id=892","title":{"rendered":"Salsas"},"content":{"rendered":"\n<div class=\"wp-block-stackable-columns stk-block-columns stk-block stk-1cfe50b stk-block-background\" data-block-id=\"1cfe50b\"><style>.stk-1cfe50b {background-color:var(--theme-palette-color-4, #1A1E21) !important;}.stk-1cfe50b:before{background-color:var(--theme-palette-color-4, #1A1E21) !important;}<\/style><div class=\"stk-row stk-inner-blocks stk-block-content stk-content-align stk-1cfe50b-column\">\n<div class=\"wp-block-stackable-column stk-block-column stk-column stk-block stk-5bff082\" data-v=\"4\" data-block-id=\"5bff082\"><div class=\"stk-column-wrapper stk-block-column__content stk-container stk-5bff082-container stk--no-background stk--no-padding\"><div class=\"stk-block-content stk-inner-blocks stk-5bff082-inner-blocks\">\n<div class=\"wp-block-stackable-image stk-block-image stk-block stk-26b990a\" data-block-id=\"26b990a\"><style>.stk-26b990a .stk-img-wrapper{width:100% !important;height:573px !important;}<\/style><figure><span class=\"stk-img-wrapper stk-image--shape-stretch\"><img loading=\"lazy\" decoding=\"async\" class=\"stk-img wp-image-816\" src=\"http:\/\/alumno09.shopenlaces.com.es\/alumno09wp\/wp-content\/uploads\/2026\/02\/9.webp\" width=\"1920\" height=\"1080\" srcset=\"http:\/\/alumno09.shopenlaces.com.es\/alumno09wp\/wp-content\/uploads\/2026\/02\/9.webp 1920w, http:\/\/alumno09.shopenlaces.com.es\/alumno09wp\/wp-content\/uploads\/2026\/02\/9-300x169.webp 300w, http:\/\/alumno09.shopenlaces.com.es\/alumno09wp\/wp-content\/uploads\/2026\/02\/9-1024x576.webp 1024w, http:\/\/alumno09.shopenlaces.com.es\/alumno09wp\/wp-content\/uploads\/2026\/02\/9-768x432.webp 768w, http:\/\/alumno09.shopenlaces.com.es\/alumno09wp\/wp-content\/uploads\/2026\/02\/9-1536x864.webp 1536w\" sizes=\"auto, (max-width: 1920px) 100vw, 1920px\" \/><\/span><\/figure><\/div>\n<\/div><\/div><\/div>\n\n\n\n<div class=\"wp-block-stackable-column stk-block-column stk-column stk-block stk-570af13\" data-v=\"4\" data-block-id=\"570af13\"><div class=\"stk-column-wrapper stk-block-column__content stk-container stk-570af13-container stk--no-background stk--no-padding\"><div class=\"stk-block-content stk-inner-blocks stk-570af13-inner-blocks\">\n<p><\/p>\n\n\n\n<div class=\"wp-block-stackable-text stk-block-text stk-block stk-9e189bd\" data-block-id=\"9e189bd\"><style>.stk-9e189bd .stk-block-text__text{color:#fffffe !important;}<\/style><p class=\"stk-block-text__text has-text-color\">Salsa Barbacoa: cl\u00e1sica y muy popular, la salsa barbacoa combina notas ahumadas, dulces y ligeramente \u00e1cidas. Ideal para hamburguesas de carne, pollo o incluso opciones veganas. Aporta profundidad y un sabor intenso.<\/p><\/div>\n\n\n\n<p class=\"has-palette-color-8-color has-text-color has-link-color wp-elements-71ddafd78269f17b03d2a74f7fd7be21\">Salsa Agridulce: equilibrio perfecto entre dulzor y acidez, esta salsa aporta un toque fresco y diferente. Funciona muy bien con pollo crujiente, carnes suaves y hamburguesas gourmet.<\/p>\n\n\n\n<p class=\"has-palette-color-8-color has-text-color has-link-color wp-elements-bd919011bdcbd4cd47744a8ea2e95d7f\">Salsa B\u00fafalo: intensa y con car\u00e1cter, la salsa b\u00fafalo destaca por su sabor picante y mantecoso. Perfecta para quienes buscan una hamburguesa potente y atrevida, especialmente con pollo o carne de res.<\/p>\n\n\n\n<p class=\"has-palette-color-8-color has-text-color has-link-color wp-elements-ee68b2cad28f30ae08b4df6148ab749a\">Salsa Picante: pensada para los amantes del picante, esta salsa a\u00f1ade fuerza y personalidad a cualquier hamburguesa. Puede variar en intensidad, desde un picor suave hasta uno m\u00e1s extremo.<\/p>\n\n\n\n<p class=\"has-palette-color-8-color has-text-color has-link-color wp-elements-1605e52055673d42e1cbb285bd9883d3\">Salsa de queso: cremosa y reconfortante       Mostaza: cl\u00e1sica, \u00e1cida y arom\u00e1tica                 Mayonesa: suave y equilibrada                             Alioli: intenso y lleno de sabor                           Salsa especial de la casa: mezcla \u00fanica que diferencia tu marca<\/p>\n<\/div><\/div><\/div>\n<\/div><\/div>\n\n\n\n<p><\/p>\n","protected":false},"excerpt":{"rendered":"<p>Salsa Barbacoa: cl\u00e1sica y muy popular, la salsa barbacoa combina notas ahumadas, dulces y ligeramente \u00e1cidas. Ideal para hamburguesas de carne, pollo o incluso opciones veganas. Aporta profundidad y un sabor intenso. Salsa Agridulce: equilibrio perfecto entre dulzor y acidez, esta salsa aporta un toque fresco y diferente. Funciona muy bien con pollo crujiente, carnes [&hellip;]<\/p>\n","protected":false},"author":1,"featured_media":0,"parent":0,"menu_order":0,"comment_status":"closed","ping_status":"closed","template":"","meta":{"footnotes":""},"class_list":["post-892","page","type-page","status-publish","hentry"],"blocksy_meta":[],"_links":{"self":[{"href":"http:\/\/alumno09.shopenlaces.com.es\/alumno09wp\/index.php?rest_route=\/wp\/v2\/pages\/892","targetHints":{"allow":["GET"]}}],"collection":[{"href":"http:\/\/alumno09.shopenlaces.com.es\/alumno09wp\/index.php?rest_route=\/wp\/v2\/pages"}],"about":[{"href":"http:\/\/alumno09.shopenlaces.com.es\/alumno09wp\/index.php?rest_route=\/wp\/v2\/types\/page"}],"author":[{"embeddable":true,"href":"http:\/\/alumno09.shopenlaces.com.es\/alumno09wp\/index.php?rest_route=\/wp\/v2\/users\/1"}],"replies":[{"embeddable":true,"href":"http:\/\/alumno09.shopenlaces.com.es\/alumno09wp\/index.php?rest_route=%2Fwp%2Fv2%2Fcomments&post=892"}],"version-history":[{"count":4,"href":"http:\/\/alumno09.shopenlaces.com.es\/alumno09wp\/index.php?rest_route=\/wp\/v2\/pages\/892\/revisions"}],"predecessor-version":[{"id":898,"href":"http:\/\/alumno09.shopenlaces.com.es\/alumno09wp\/index.php?rest_route=\/wp\/v2\/pages\/892\/revisions\/898"}],"wp:attachment":[{"href":"http:\/\/alumno09.shopenlaces.com.es\/alumno09wp\/index.php?rest_route=%2Fwp%2Fv2%2Fmedia&parent=892"}],"curies":[{"name":"wp","href":"https:\/\/api.w.org\/{rel}","templated":true}]}}